{"id":84,"date":"2025-02-02T17:58:21","date_gmt":"2025-02-02T17:58:21","guid":{"rendered":"https:\/\/cursanoubarris.cat\/?page_id=84"},"modified":"2026-04-15T19:12:30","modified_gmt":"2026-04-15T19:12:30","slug":"reglament","status":"publish","type":"page","link":"https:\/\/cursanoubarris.cat\/index.php\/reglament\/","title":{"rendered":"Reglament"},"content":{"rendered":"\n<h1 class=\"wp-block-heading\"><\/h1>\n\n\n\n<ol class=\"wp-block-list\">\n<li>La Cursa Popular de Nou Barris se celebra pels carrers del Districte de Nou Barris.<\/li>\n\n\n\n<li>La cursa est\u00e0 oberta a tots els ciutadans i ciutadanes. L&#8217;edat m\u00ednima per participar en la prova \u00e9s de 16 anys, els menors de 18 anys d&#8217;edat hauran d&#8217;estar autoritzats pels tutors legals els quals hauran de lliurar una autoritzaci\u00f3 signada quan recullin el dorsal del\/la menor.<\/li>\n\n\n\n<li>Dist\u00e0ncies: Cursa llarga: 10 Km. Certificada per la Federaci\u00f3 Catalana d&#8217;Atletisme. Cursa curta: 5 Km. Les sortides seran simult\u00e0nies.<\/li>\n\n\n\n<li>El recorregut est\u00e0 senyalitzat i marcat a cada quil\u00f2metre. El punt d&#8217;avituallament en la cursa llarga estar\u00e0 situat aproximadament al quil\u00f2metre 5.<\/li>\n\n\n\n<li>El tancament de la prova llarga es produir\u00e0 al cap d\u2019una hora i quinze minuts d\u2019haver comen\u00e7at o fins que ho consideri oport\u00fa la Gu\u00e0rdia Urbana. En la cursa de 5 km hi haur\u00e0 un temps m\u00e0xim de 30 minuts per passar pel km 3. Tothom que no compleixi l&#8217;horari i continu\u00ef la competici\u00f3, ho far\u00e0 a compte i risc propi i fora de la cal\u00e7ada.<\/li>\n\n\n\n<li>Classificaci\u00f3 i control d&#8217;arribada amb dorsal-xip de cronometratge.<\/li>\n\n\n\n<li>Les inscripcions es tancaran el dimecres anterior a la cursa a les 23:59 h o quan s\u2019assoleixin els 2000 inscrits.<\/li>\n\n\n\n<li>Un cop feta la inscripci\u00f3, no es retornar\u00e0 l\u2019import si l\u2019atleta no pot participar per motius aliens a l\u2019organitzaci\u00f3<\/li>\n\n\n\n<li>L&#8217;organitzaci\u00f3 podr\u00e0 modificar la data i\/o el recorregut, per causes alienes i\/o de for\u00e7a major.<\/li>\n\n\n\n<li>Els \u00fanics vehicles que podran seguir la prova seran els expressament autoritzats per l\u2019organitzaci\u00f3.<\/li>\n\n\n\n<li>El dorsal s\u2019haur\u00e0 de recollir durant els dies i horaris que estableixi l\u2019organitzaci\u00f3.<\/li>\n\n\n\n<li>El fet de no retirar el dorsal els dies establerts significa la ren\u00fancia als mateix, a la bossa d&#8217;obsequis i a la participaci\u00f3 sense dorsal.<\/li>\n\n\n\n<li>La prova llarga forma part de les curses de la challenge 10K i est\u00e0 inclosa en els Jocs interempreses.<\/li>\n\n\n\n<li>\u00c9s obligatori c\u00f3rrer la cursa amb el dorsal col\u00b7locat a la part davantera de la samarreta de forma que sigui visible. Est\u00e0 prohibit accedir sense dorsal a la zona habilitada per a corredors dintre del recinte esportiu Can Drag\u00f3.<\/li>\n\n\n\n<li>La participaci\u00f3 en l\u2019esdeveniment es far\u00e0 sota la responsabilitat i propi risc dels participants a la cursa i han de fer-ho amb les condicions f\u00edsiques i de salut necess\u00e0ries per a participar en una prova d&#8217;aquestes caracter\u00edstiques. L\u2019organitzaci\u00f3 declina tota responsabilitat dels danys que els\/les participants puguin ocasionar durant la prova, fer-se ells\/es mateixos\/es o a terceres persones.<\/li>\n\n\n\n<li>Els\/les participants, permeten expl\u00edcitament que el seu nom, cognom, sexe i any de naixement siguin publicats a les llistes d\u2019inscrits, com tamb\u00e9 a la de resultats si acaben la cursa, seguint la normativa establerta.<\/li>\n\n\n\n<li>Els participants al fer la inscripci\u00f3 donen el seu consentiment perqu\u00e8 l&#8217;organitzaci\u00f3, per si mateix o per terceres entitats, faci \u00fas de les imatges de la prova per fer-ne promoci\u00f3 aix\u00ed com de les dades personals per al tractament inform\u00e0tic amb finalitat exclusivament did\u00e1ctica, esportiva, promocional o comercial. D\u2019acord amb el que estableix la Llei org\u00e0nica 15\/1999 del 13 de desembre de la protecci\u00f3 de dades personals, els participants podran exercir el seu dret a accedir a aquests fitxers amb l\u2019objectiu de rectificar o cancel\u00b7lar de forma parcial o total les seves dades. Per exercir aquest dret, cal sol\u00b7licitar-lo per escrit al Club d&#8217;Atletisme Nou Barris (Via Fav\u00e8ncia 446-450, 08016 Barcelona).<\/li>\n\n\n\n<li>Els participants al fer la inscripci\u00f3 han de con\u00e8ixer la <a href=\"https:\/\/cursanoubarris.cat\/index.php\/privacy-policy\/\" data-type=\"page\" data-id=\"3\">Pol\u00edtica de privacitat del Canb<\/a><\/li>\n\n\n\n<li>El fet d\u2019inscriure\u2019s implica l\u2019acceptaci\u00f3 d\u2019aquest reglament i del reglament de curses de fons de la Federaci\u00f3 Catalana d\u2019Atletisme. L\u2019organitzaci\u00f3 declina tota responsabilitat pels perjudicis que la participaci\u00f3 a la cursa pugui causar als participants. En tot all\u00f2 que no estigui previst s\u2019aplicar\u00e0 el que decideixi l\u2019organitzaci\u00f3.<\/li>\n<\/ol>\n","protected":false},"excerpt":{"rendered":"","protected":false},"author":1,"featured_media":0,"parent":0,"menu_order":0,"comment_status":"closed","ping_status":"closed","template":"","meta":{"footnotes":""},"class_list":["post-84","page","type-page","status-publish","hentry"],"_links":{"self":[{"href":"https:\/\/cursanoubarris.cat\/index.php\/wp-json\/wp\/v2\/pages\/84","targetHints":{"allow":["GET"]}}],"collection":[{"href":"https:\/\/cursanoubarris.cat\/index.php\/wp-json\/wp\/v2\/pages"}],"about":[{"href":"https:\/\/cursanoubarris.cat\/index.php\/wp-json\/wp\/v2\/types\/page"}],"author":[{"embeddable":true,"href":"https:\/\/cursanoubarris.cat\/index.php\/wp-json\/wp\/v2\/users\/1"}],"replies":[{"embeddable":true,"href":"https:\/\/cursanoubarris.cat\/index.php\/wp-json\/wp\/v2\/comments?post=84"}],"version-history":[{"count":8,"href":"https:\/\/cursanoubarris.cat\/index.php\/wp-json\/wp\/v2\/pages\/84\/revisions"}],"predecessor-version":[{"id":321,"href":"https:\/\/cursanoubarris.cat\/index.php\/wp-json\/wp\/v2\/pages\/84\/revisions\/321"}],"wp:attachment":[{"href":"https:\/\/cursanoubarris.cat\/index.php\/wp-json\/wp\/v2\/media?parent=84"}],"curies":[{"name":"wp","href":"https:\/\/api.w.org\/{rel}","templated":true}]}}