{"id":137,"date":"2025-02-18T06:50:42","date_gmt":"2025-02-18T06:50:42","guid":{"rendered":"https:\/\/cursanoubarris.cat\/?page_id=137"},"modified":"2026-01-25T16:21:25","modified_gmt":"2026-01-25T16:21:25","slug":"info-10-km","status":"publish","type":"page","link":"https:\/\/cursanoubarris.cat\/index.php\/info-10-km\/","title":{"rendered":"Info 10 km"},"content":{"rendered":"\n<p><strong>INFORMACI\u00d3 PR\u00c0CTICA 10 KM<br><br>PREUS&nbsp;<\/strong><\/p>\n\n\n\n<p>&nbsp;El preu inclou&nbsp;la samarreta de la cursa.<\/p>\n\n\n\n<figure class=\"wp-block-table\"><table class=\"has-fixed-layout\"><tbody><tr><td><strong>Preus 2026<\/strong><\/td><td>fins al 31\/12<\/td><td>1\/1 al 31\/1<\/td><td>1\/2 al 19\/4<\/td><td>a partir del 20\/4&nbsp;<\/td><\/tr><tr><td>Atletes amb xip groc propi (Championchip)<\/td><td>12 euros<\/td><td>14 euros<\/td><td>16 euros<\/td><td>18 euros<\/td><\/tr><tr><td>Atletes sense xip groc propi<\/td><td>14 euros<\/td><td>16 euros<\/td><td>18 euros<\/td><td>20 euros<\/td><\/tr><\/tbody><\/table><\/figure>\n\n\n\n<p>Per als participants que no disposin de xip propi el dorsal inclour\u00e0 el xip de cronometratge.<br><br>Part de la recaptaci\u00f3 ajudar\u00e0 a finan\u00e7ar programes esportius personalitzats adre\u00e7ats a nens afectats per trastorns del desenvolupament neurol\u00f2gic (autisme), el qual es manifesta obstaculitzant l&#8217;aprenentatge d&#8217;habilitats de comunicaci\u00f3 i relacions socials.<br><br><strong>DIA I HORA<\/strong><br>Dia 17 de maig de 2026<br>Sortida a les 9:00 h al Pg. Andreu Nin \/ Pintor Alsamora (davant de SOM Multiespai)\u00a0<br><br><strong>RECORREGUT<\/strong><br>Dist\u00e0ncia 10 Km. Certificada per la Federaci\u00f3 Catalana d\u2019Atletisme. <br><a href=\"https:\/\/www.google.com\/maps\/d\/edit?mid=14w2cdBkiSTSzc-FBJKaMZxDN-V0&amp;usp=sharing\" target=\"_blank\" rel=\"noreferrer noopener\">Mapa del recorregut<\/a><br><br><strong><br>CALAIXOS DE SORTIDA\u00a0<br><\/strong>Hi haur\u00e0 3 calaixos de sortida, cada un d&#8217;ells identificats per un color en el n\u00famero del dorsal.<br><br>Dorsals vermells: -40 min en 10 km<br>Dorsals verds: -47 min en 10 km<br>Dorsals negres: resta<br><br>El calaix assignat ho ser\u00e0 basant-se en el millor entre els \u00faltims resultats existents a la base de dades de ChampionChip, si tens un temps millor, pots portar acreditaci\u00f3 de la marca el dia de recollida del dorsal i el donarem un passi d&#8217;acc\u00e9s al calaix corresponent.<br><br><strong>LLEBRES CURSA 10 KM<br><\/strong>Hi haur\u00e0 servei de llebres per qui vulgui intentar fer una marca concreta\u00a0<br>Cinc llebres, cortesia de\u00a0Decathlon<br><br>Sub 40<br>Sub 45<br>Sub 50<br>Sub 55<br>Sub 60<br><br><strong>DORSALS<\/strong><br>El lliurament de dorsals es far\u00e0 al Decathlon del Centre Comercial La Maquinista en\u00a0els seg\u00fcents dies i horaris:<br><br>\u2022\u00a0Divendres 15 de maig de 16:00 a 20:00 h<br>\u2022\u00a0Dissabte 16 de maig de 10:00 a 14:00 i de 16:00 a 20:00 h<br><br>Cal la presentaci\u00f3 del dni. Per recollir el dorsal d&#8217;altra personal cal autoritzaci\u00f3 signada i fotoc\u00f2pia del DNI de la persona que autoritza.<br><br>En casos especials o si veniu de lluny i pr\u00e8via petici\u00f3 per correu electr\u00f2nic (abans del tancament de les inscripcions) a\u00a0<a href=\"mailto:cursanoubarris@canb.cat\">cursanoubarris@canb.cat<\/a>\u00a0s&#8217;entregaran una quantitat limitada de dorsals el mateix diumenge de 07:45 a 8:15 h a la carpa del Canb al Centre Comercial Som Multiespai (nom\u00e9s es podran recollir dorsals pr\u00e8viament autoritzats). Feu la petici\u00f3 abans de fer la inscripci\u00f3 per garantir que podrem entregar-vos el dorsal el diumenge (una vegada tancades les inscripcions no s&#8217;autoritzar\u00e0 cap recollida el mateix diumenge). No es lliurar\u00e0 cap dorsal a partir de les 8:30h.<br><br><strong>GUARDA-ROBA<\/strong><br>Hi haur\u00e0 servei de guarda-roba ubicat a la pista d&#8217;atletisme.<br><br><strong>DUTXES<\/strong><br>Hi haur\u00e0 servei de dutxes (nom\u00e9s corredors) a la Palestra de Can Drag\u00f3 i als vestuaris de les pistes d&#8217;atletisme.<br><br><strong>APARCAMENT GRATUIT (2 h)<\/strong><br><strong>2 hores<\/strong> d&#8217;aparcament gratu\u00eft \u00a0a SOM Multiespai <strong>el dia de la cursa<\/strong> per als atletes participants en la cursa<br><br><strong>OBSEQUI<\/strong><br>Tots els corredors incrits rebran la samarreta de la cursa al retirar el seu dorsal (no s&#8217;entrega cap samarreta el dia de la cursa a excepci\u00f3 del dorsals autoritzats).\u00a0<br><br><strong>CLASSIFICACI\u00d3<\/strong><br>Control inform\u00e0tic d&#8217;arribada (amb xip)<br><br><strong>LLIURAMENT DE TROFEUS<\/strong><br>A la mateixa pista d&#8217;atletisme.<br><br><strong>PREMIS CURSA 10 KM\u00a0<\/strong><br>Tots els primers i primeres classificats i classificades obtindran un trofeu per categoria.<\/p>\n\n\n\n<figure class=\"wp-block-table\"><table class=\"has-fixed-layout\"><tbody><tr><td>1r\/a Classificat\/ada General<\/td><td>150 euros val Decathlon<\/td><\/tr><tr><td>2n\/a Classificat\/ada General<\/td><td>100 euros val Decathlon<\/td><\/tr><tr><td>3r\/a Classificat\/ada General<\/td><td>50 euros val Decathlon<\/td><\/tr><tr><td>1r\/a Classificat\/ada Canb * <\/td><td>50 euros val Decathlon<\/td><\/tr><tr><td><em>* Premi no acumulable<\/em><\/td><td><\/td><\/tr><\/tbody><\/table><\/figure>\n\n\n\n<p><br><strong>CATEGORIES CURSA 10 KM<\/strong><\/p>\n\n\n\n<figure class=\"wp-block-table\"><table class=\"has-fixed-layout\"><tbody><tr><td>CATEGORIA<\/td><td>EDAT<\/td><\/tr><tr><td>01 Sub 23<\/td><td>17 a 23 anys complerts<\/td><\/tr><tr><td>02 Veterans 1<\/td><td>Majors de 40 anys complerts<\/td><\/tr><tr><td>03 Veterans 2<\/td><td>Majors de 50 anys complerts<\/td><\/tr><tr><td>04 Veterans 3<\/td><td>Majors de 60 anys complerts<\/td><\/tr><tr><td>05 Veterans 4<\/td><td>Majors de 70 anys complerts<\/td><\/tr><tr><td>Diversitat visual<\/td><td>&#8211;<\/td><\/tr><tr><td>Diversitat f\u00edsica<\/td><td>&#8211;<\/td><\/tr><tr><td>Diversitat cognitiva<\/td><td>&#8211;<\/td><\/tr><tr><td>Persones amb par\u00e0lisi cerebral&nbsp;<\/td><td>&#8211;<\/td><\/tr><\/tbody><\/table><\/figure>\n","protected":false},"excerpt":{"rendered":"<p>INFORMACI\u00d3 PR\u00c0CTICA 10 KM PREUS&nbsp; &nbsp;El preu inclou&nbsp;la samarreta de la cursa. Preus 2026 fins al 31\/12 1\/1 al 31\/1 1\/2 al 19\/4 a partir del 20\/4&nbsp; Atletes amb xip groc propi (Championchip) 12 euros 14 euros 16 euros 18 euros Atletes sense xip groc propi 14 euros 16 euros 18 euros 20 euros Per [&hellip;]<\/p>\n","protected":false},"author":1,"featured_media":0,"parent":0,"menu_order":0,"comment_status":"closed","ping_status":"closed","template":"","meta":{"footnotes":""},"class_list":["post-137","page","type-page","status-publish","hentry"],"_links":{"self":[{"href":"https:\/\/cursanoubarris.cat\/index.php\/wp-json\/wp\/v2\/pages\/137","targetHints":{"allow":["GET"]}}],"collection":[{"href":"https:\/\/cursanoubarris.cat\/index.php\/wp-json\/wp\/v2\/pages"}],"about":[{"href":"https:\/\/cursanoubarris.cat\/index.php\/wp-json\/wp\/v2\/types\/page"}],"author":[{"embeddable":true,"href":"https:\/\/cursanoubarris.cat\/index.php\/wp-json\/wp\/v2\/users\/1"}],"replies":[{"embeddable":true,"href":"https:\/\/cursanoubarris.cat\/index.php\/wp-json\/wp\/v2\/comments?post=137"}],"version-history":[{"count":17,"href":"https:\/\/cursanoubarris.cat\/index.php\/wp-json\/wp\/v2\/pages\/137\/revisions"}],"predecessor-version":[{"id":304,"href":"https:\/\/cursanoubarris.cat\/index.php\/wp-json\/wp\/v2\/pages\/137\/revisions\/304"}],"wp:attachment":[{"href":"https:\/\/cursanoubarris.cat\/index.php\/wp-json\/wp\/v2\/media?parent=137"}],"curies":[{"name":"wp","href":"https:\/\/api.w.org\/{rel}","templated":true}]}}